r**2 + 2*r - 1. Let i be h(1). Suppose l + l = i. Suppose 1 = -v + l. What are the prime factors of v?
2
Let l(p) = -14*p - 4. What are the prime factors of l(-1)?
2, 5
Let o = 2 + 1. Let k(l) = 21*l**2 + 2*l - 1. Let a be k(1). Suppose -r = -2*b - 13, -r + a = o*r + 2*b. List the prime factors of r.
7
Let m(t) = t**3 - t**2 - t + 4. Let d be m(0). Let l = d - 3. List the prime factors of (-7)/(-4)*l*4.
7
Let f = -224 - -327. List the prime factors of f.
103
Let u(v) = -12*v - 3. Let t be u(-4). Suppose -4*j + 47 = -t. What are the prime factors of j?
23
Suppose -2*a - 2*a - 120 = 0. Let k be (-2)/5 - 612/a. Suppose b = -b + k. List the prime factors of b.
2, 5
Let f(r) = -9*r + 1. Suppose 2*n + 7 = 3*s + 1, 3*s - 12 = 0. Suppose -4*g - 3 = v, -v + 2*v = 2*g + n. What are the prime factors of f(g)?
2, 5
Let p = -13 - -19. What are the prime factors of (3 + 2/(-1))*p?
2, 3
Suppose -5*c = 5*q - 875, -q - 341 = -2*c - 0*c. Suppose 0 = m + 3*m - c. What are the prime factors of m?
43
Let n be (-1 - 0)*(-2 + -1). Suppose -l + 29 - 3 = 0. Suppose -n*z - l = -5*z. What are the prime factors of z?
13
Let h(f) = 2*f + 8. What are the prime factors of h(11)?
2, 3, 5
List the prime factors of 80/(-35) + 2/7 + 140.
2, 3, 23
Suppose -n = -t - 39, -157 = -4*n + 2*t + 3*t. List the prime factors of n.
2, 19
Let l(c) = c**3 - 12*c**2 - 11*c + 14. What are the prime factors of l(13)?
2, 5
Suppose -4*x + 7 = -4*v + 3, -3*x - 1 = v. Let d(t) = -34*t - 1. Let u be d(v). Let b = u + -21. List the prime factors of b.
2, 3
Suppose -z = 3*z - 12. Suppose -z*q + 20 - 7 = -r, 2*q = -2*r - 26. Let v = -9 - r. What are the prime factors of v?
2
Suppose 4*k - 44 = -o - 0*o, 0 = -2*o - k + 88. Suppose 4*x - w = -5*w + o, 4*w = 5*x - 73. List the prime factors of x.
13
Let s = -45 + 63. Suppose 4*i - 121 = -3*t, t + s = 2*i - 45. What are the prime factors of i?
31
Suppose -2*o = 5*i - 118, -5*o - 106 = -5*i - 471. Let b be 0 + (o/3 - 0). Suppose 4*d = 8*d - 5*n - b, -1 = -5*d - 3*n. List the prime factors of d.
2
Let t be 234/(-10) + (-18)/30. What are the prime factors of t/(-14)*(-42)/(-4)?
2, 3
Suppose 4*r - 15 = -q, r + 82 = 4*q + 22. Suppose -q - 291 = -6*k. List the prime factors of k.
3, 17
Let x(g) = 4*g**2 - 9*g - 2. Let f(z) = -5*z**2 + 10*z + 3. Let l(j) = 3*f(j) + 4*x(j). List the prime factors of l(8).
17
Let u(b) = b**3 + 5*b**2 + 3*b - 3. Let z be u(-6). Let d = -10 - z. What are the prime factors of d?
47
Suppose -6*o + 3*o - 24 = -3*m, 0 = 5*m - o - 56. What are the prime factors of m?
2, 3
Suppose a - 2*i = 25, 7*i = -2*a + 8*i + 59. What are the prime factors of a?
31
Let z(o) = -o**3 - 6*o**2 + 4*o + 4. Let g be z(-4). Let c = 63 + g. List the prime factors of c.
19
Suppose 168 = 3*i + i. List the prime factors of 368/14 + (-12)/i.
2, 13
Let u(x) = x**2 + 2*x - 18. Let i be u(0). Let h = i + 54. What are the prime factors of h?
2, 3
Suppose -1 = -3*o - 4. Let r be (1/5)/(o/(-5)). Let j = r + 7. What are the prime factors of j?
2
Let a(c) = 8*c - 1. Let l be a(1). Let i be (-2)/l - 290/14. List the prime factors of i/(-6)*4 - 0.
2, 7
Suppose -3*d = -5*g + 279, 77 = -4*g - 5*d + 278. What are the prime factors of ((-8)/(-6))/(12/g)?
2, 3
Let c = 62 - 37. Suppose i - 5 = g - 2*g, 3*g - 5*i = -c. Suppose v - 2 = -g. What are the prime factors of v?
2
Let r(d) = d**3 + 8*d**2 - 10*d + 7. Let z(i) = -i**3 - 7*i**2 - 5*i - 3. Let q be z(-6). What are the prime factors of r(q)?
2
Suppose 0 = 4*c - 0*c, 2*i - 3*c - 22 = 0. List the prime factors of i.
11
Let f be (-1770)/(-15) - (-4)/(-2). What are the prime factors of (f + (1 - -1))/2?
59
Suppose -545 = -5*l + 5*f, -4*l - f + 107 = -3*l. Suppose -w + l = 3*w. List the prime factors of w.
3
Suppose 0 = -3*z - 15, -2*k + k - 4*z - 14 = 0. Suppose -w - k = 5*j - 3*w, 4*j - 3*w = -9. Let i = j + 2. What are the prime factors of i?
2
Let r(u) = u + 6. Let z be r(0). Suppose -l + z*b = 2*b - 3, 3*b = -l + 3. Suppose k - l*d - 4 = 0, 0 = -0*k - k + 5*d. What are the prime factors of k?
2, 5
Let f(w) = w**3 - 9*w**2 - 13*w + 2. Let t be f(10). Let p = 46 + t. What are the prime factors of p?
2, 3
List the prime factors of 2/4 - 2375/(-50).
2, 3
Suppose 2*n + 3*m - 11 = 0, n - 6*n = 2*m - 55. What are the prime factors of n?
13
Suppose -32 - 93 = 5*w. Let y = -4 - w. List the prime factors of y.
3, 7
Suppose -5*h = -4*m - 198, -m + 171 = 3*h + h. What are the prime factors of h?
2, 3, 7
Suppose -3*t - 7 = -4*s + 10, 4*s - 23 = -3*t. Suppose 0 = 5*i - 2*g - 105, s*i - 4*g - 137 + 42 = 0. What are the prime factors of i?
23
Suppose -13 + 4 = -3*d, -2*x - 3*d + 55 = 0. Let a = 4 + -3. Suppose -x = -2*k + a. What are the prime factors of k?
2, 3
Let g be (-24)/16 + (-79)/(-2). Suppose -i = i - g. What are the prime factors of i?
19
Let i = 4 - 5. Let u(t) = -3*t**3 + t**2 + 2*t + 1. Let v be u(i). Let k = 5 - v. List the prime factors of k.
2
Let s(q) = q**3 + 15*q**2 + 15*q + 8. Let k be s(-14). List the prime factors of (-932)/(-24) + (-1)/k.
3, 13
Let z(f) = 253*f - 8. What are the prime factors of z(1)?
5, 7
Let j = 50 + -44. What are the prime factors of j?
2, 3
Let u = 263 - 177. What are the prime factors of u?
2, 43
Let a(b) = -b**3 + 6*b**2 - 4*b + 9. What are the prime factors of a(5)?
2, 7
Let p = 21 - 29. Let o(c) = c**3 + 3*c**2 - 4*c - 6. Let t be o(-4). What are the prime factors of 9*(p/t)/2?
2, 3
Let f(x) = 6*x - 12. List the prime factors of f(5).
2, 3
List the prime factors of 6/(-5)*(-5)/3.
2
Suppose -4*c + 453 = -351. What are the prime factors of c?
3, 67
Suppose -56 - 25 = -3*q. List the prime factors of q.
3
Suppose 2*b - 5*u + 6 = 0, 8*u - 4*u = -b - 3. Let p = b + 8. Let f = p + 1. What are the prime factors of f?
2, 3
Let t be (-3 + (-9)/(-3))/2. Suppose -2*s + t*s + 6 = 0. Suppose y - 14 = g, -s*y - 5*g = -g - 35. What are the prime factors of y?
13
Let w = -35 + 50. Suppose 4*k - k = 24. Let s = w - k. List the prime factors of s.
7
Suppose 3*n + y - 35 = 6*y, -5*y = n - 25. What are the prime factors of n?
3, 5
Suppose 2*u - 6*u + 32 = 0. Let i be (-1)/(-3)*3/1. What are the prime factors of (i + -2)/((-1)/u)?
2
Suppose -3*x + k = -331, -k + 335 = 2*x + x. List the prime factors of x.
3, 37
Let k(r) = r**2 + r + 3. Let v be k(0). Let j(l) = 4*l**v - 2 - 4*l**3 + l**2 + l**3 + 16. List the prime factors of j(0).
2, 7
Let y(v) = v. Let i(d) = 4*d - 4. Let p(g) = -i(g) + 6*y(g). Let t = -5 + 10. List the prime factors of p(t).
2, 7
Let h = 4 - -1. Suppose 3*q - 14 = h*c, 1 = -q - 2*c + 2. List the prime factors of q.
3
Let d(b) = -3*b**2 + 4*b - 3. Suppose -5*x + 3 = -12. Let p be d(x). What are the prime factors of (p/4)/((-1)/2)?
3
Let a = 29 + -55. Let q = a - 0. What are the prime factors of 2/(-8) - q/8?
3
Let o(y) = y - 6. Let z be o(6). What are the prime factors of 9/(z + -1 + 2)?
3
Suppose -2*h + 0 = -52. Suppose -2*j = -7*j + g + h, 0 = 5*j + 2*g - 23. List the prime factors of j.
5
List the prime factors of (-1 + 3)*63 - -5.
131
Let b = 9 - 6. Suppose -2*a - 3*a = -b*f - 112, f = 1. What are the prime factors of a?
23
Let l(h) = 2*h**2 + 6*h + 8. Let x(z) = -3*z**2 - 6*z - 8. Let f(j) = 4*l(j) + 3*x(j). Let d be (6/8)/((-2)/(-16)). What are the prime factors of f(d)?
2
What are the prime factors of 456/5 - 2/10?
7, 13
Suppose -y = 2*w - 41, w = -3*w + 3*y + 77. Suppose -d + 12 = -3*j, 5*d - 3*j = 16 + w. List the prime factors of d.
2, 3
Let k = 83 - 44. List the prime factors of k.
3, 13
Suppose 14 = 5*m - 3*z, 0 = 2*m - m - 5*z + 6. Suppose m = 3*g - 11. List the prime factors of g.
5
Let k = -9 - -14. Suppose 4*d + 5*u = -9, 0 = -4*d + k*u + 63 - 22. What are the prime factors of d?
2
Let k(s) = -13*s + 1. Let n be k(-5). Suppose 2*q - n = -q. Suppose 2*r - q = 5*y, -2*y + 12 + 2 = 3*r. List the prime factors of r.
2, 3
Let y be (-6)/9 + (-352)/12. Let a = 53 + y. Suppose 0 = -b + 4*c + 24, 2*c + c + a = b. What are the prime factors of b?
2, 5
Let j = -63 + 105. List the prime factors of j.
2, 3, 7
Let o be (25/4)/(5/(-20)). Let i = 35 + o. List the prime factors of i.
2, 5
Suppose 3*f + f = 0. Suppose 2*y - 4*g + 7 + 9 = f, g = y + 8. Let a(c) = c**3 + 9*c**2 + 6*c - 4. What are the prime factors of a(y)?
2, 3
Suppose -9*j = -j - 2*j. Suppose -23 = -f + 4*v - 9*v, v = 2*f - 35